{"id":24772,"date":"2024-06-08T06:37:16","date_gmt":"2024-06-08T06:37:16","guid":{"rendered":"https:\/\/www.ragipsahin.com.tr\/?page_id=24772"},"modified":"2026-04-28T09:57:02","modified_gmt":"2026-04-28T09:57:02","slug":"5-sinif-matematik","status":"publish","type":"page","link":"https:\/\/www.ragipsahin.com.tr\/?page_id=24772","title":{"rendered":"5.S\u0131n\u0131f Matematik &#8211; Maarif Model \u0130\u00e7erikleri"},"content":{"rendered":"","protected":false},"excerpt":{"rendered":"","protected":false},"author":3,"featured_media":25292,"parent":25067,"menu_order":0,"comment_status":"open","ping_status":"closed","template":"","meta":{"jetpack_post_was_ever_published":false,"footnotes":""},"class_list":["post-24772","page","type-page","status-publish","has-post-thumbnail","hentry"],"aioseo_notices":[],"jetpack_shortlink":"https:\/\/wp.me\/P2YBEC-6ry","jetpack_sharing_enabled":true,"amp_enabled":true,"_links":{"self":[{"href":"https:\/\/www.ragipsahin.com.tr\/index.php?rest_route=\/wp\/v2\/pages\/24772","targetHints":{"allow":["GET"]}}],"collection":[{"href":"https:\/\/www.ragipsahin.com.tr\/index.php?rest_route=\/wp\/v2\/pages"}],"about":[{"href":"https:\/\/www.ragipsahin.com.tr\/index.php?rest_route=\/wp\/v2\/types\/page"}],"author":[{"embeddable":true,"href":"https:\/\/www.ragipsahin.com.tr\/index.php?rest_route=\/wp\/v2\/users\/3"}],"replies":[{"embeddable":true,"href":"https:\/\/www.ragipsahin.com.tr\/index.php?rest_route=%2Fwp%2Fv2%2Fcomments&post=24772"}],"version-history":[{"count":11,"href":"https:\/\/www.ragipsahin.com.tr\/index.php?rest_route=\/wp\/v2\/pages\/24772\/revisions"}],"predecessor-version":[{"id":26225,"href":"https:\/\/www.ragipsahin.com.tr\/index.php?rest_route=\/wp\/v2\/pages\/24772\/revisions\/26225"}],"up":[{"embeddable":true,"href":"https:\/\/www.ragipsahin.com.tr\/index.php?rest_route=\/wp\/v2\/pages\/25067"}],"wp:featuredmedia":[{"embeddable":true,"href":"https:\/\/www.ragipsahin.com.tr\/index.php?rest_route=\/wp\/v2\/media\/25292"}],"wp:attachment":[{"href":"https:\/\/www.ragipsahin.com.tr\/index.php?rest_route=%2Fwp%2Fv2%2Fmedia&parent=24772"}],"curies":[{"name":"wp","href":"https:\/\/api.w.org\/{rel}","templated":true}]}}